{"id":738,"date":"2022-10-05T15:25:06","date_gmt":"2022-10-05T21:25:06","guid":{"rendered":"https:\/\/intecap.edu.gt\/galardonrcs\/?page_id=738"},"modified":"2022-10-27T21:10:28","modified_gmt":"2022-10-28T03:10:28","slug":"guia-general","status":"publish","type":"page","link":"https:\/\/intecap.edu.gt\/galardon\/guia-general\/","title":{"rendered":"Gu\u00eda General"},"content":{"rendered":"<p>[et_pb_section fb_built=&#8221;1&#8243; _builder_version=&#8221;4.18.0&#8243; _module_preset=&#8221;default&#8221; global_colors_info=&#8221;{}&#8221;][et_pb_row _builder_version=&#8221;4.18.0&#8243; _module_preset=&#8221;default&#8221; global_colors_info=&#8221;{}&#8221;][et_pb_column type=&#8221;4_4&#8243; _builder_version=&#8221;4.18.0&#8243; _module_preset=&#8221;default&#8221; global_colors_info=&#8221;{}&#8221;][et_pb_post_title meta=&#8221;off&#8221; featured_image=&#8221;off&#8221; _builder_version=&#8221;4.18.0&#8243; _module_preset=&#8221;default&#8221; title_font_size=&#8221;37px&#8221; global_colors_info=&#8221;{}&#8221;][\/et_pb_post_title][et_pb_image src=&#8221;https:\/\/intecap.edu.gt\/galardonrcs\/wp-content\/uploads\/2022\/10\/guia-1.jpg&#8221; title_text=&#8221;guia&#8221; _builder_version=&#8221;4.18.0&#8243; _module_preset=&#8221;default&#8221; global_colors_info=&#8221;{}&#8221;][\/et_pb_image][\/et_pb_column][\/et_pb_row][et_pb_row _builder_version=&#8221;4.18.0&#8243; _module_preset=&#8221;default&#8221; global_colors_info=&#8221;{}&#8221;][et_pb_column type=&#8221;4_4&#8243; _builder_version=&#8221;4.18.0&#8243; _module_preset=&#8221;default&#8221; global_colors_info=&#8221;{}&#8221;][et_pb_text _builder_version=&#8221;4.18.0&#8243; _module_preset=&#8221;default&#8221; header_4_font=&#8221;|300|||||||&#8221; global_colors_info=&#8221;{}&#8221;]<\/p>\n<h4 style=\"text-align: justify;\">Se convoca a participar a todas aquellas empresas, que p\u00fablica, notoria o documentalmente evidencien su contribuci\u00f3n en acciones que conlleven enfoque de productividad y competitividad, y cuya calidad la demuestren con: imagen, trayectoria individual y\/o empresarial, intervenci\u00f3n en su mercado objetivo, reconocimientos obtenidos y otros.<\/h4>\n<h4 style=\"text-align: justify;\">El Galard\u00f3n tiene cobertura a nivel nacional y se otorga anualmente seg\u00fan propuestas o designaciones. Asimismo, las candidaturas deben hacerse por escrito justificando la raz\u00f3n de ser merecedores del reconocimiento, y presentarlas al Departamento de Mercadeo y Comunicaci\u00f3n del INTECAP.<\/h4>\n<h4 style=\"text-align: justify;\">Debe hacerse solamente una propuesta por persona o entidad y la distinci\u00f3n ser\u00e1 concedida a criterio de un Consejo que se integrar\u00e1 en cada ocasi\u00f3n, y sometido a consideraci\u00f3n y veredicto final de la Honorable Junta Directiva del INTECAP. El ganador del Galard\u00f3n, se dar\u00e1 a conocer en acto solemne, haci\u00e9ndole entrega en la fecha que para el efecto se designe. En casos excepcionales, el Jurado puede considerar pertinente otorgar una Menci\u00f3n Honor\u00edfica.<\/h4>\n<h4 style=\"text-align: justify;\">El presente documento no es un formato a cubrir, si no una alternativa a considerar para apoyo de los participantes en la presentaci\u00f3n de su informaci\u00f3n y que coadyuve al Comit\u00e9 Organizador y al Jurado Calificador, en la administraci\u00f3n, presentaci\u00f3n y comprensi\u00f3n de los entes y personas inscritas.<\/h4>\n<h4 style=\"text-align: justify;\">Si usted(es) poseen m\u00e1s datos y desean compartirlos, son bienvenidos. Aceptaremos tambi\u00e9n presentaciones escritas y\/o electr\u00f3nicas, as\u00ed como orientaci\u00f3n para visitar sus p\u00e1ginas electr\u00f3nicas.<\/h4>\n<h3 style=\"text-align: justify;\"><strong><\/strong><\/h3>\n<h3 style=\"text-align: justify;\"><strong><\/strong><\/h3>\n<h3 style=\"text-align: justify;\"><strong><\/strong><\/h3>\n<h3 style=\"text-align: justify;\"><strong>PRESENTACI\u00d3N DE DOCUMENTACI\u00d3N:<\/strong><\/h3>\n<h4 style=\"text-align: justify;\">Vendr\u00e1 dirigida al Departamento de Mercadeo y Comunicaci\u00f3n, sobresaliendo en su parte visible: PARTICIPANTE GALARD\u00d3N A LA PRODUCTIVIDAD Y COMPETITIVIDAD, RICARDO CASTILLO SINIBALDI.<\/h4>\n<h4 style=\"text-align: justify;\"><\/h4>\n<h4 style=\"text-align: justify;\">En el interior se incluir\u00e1 una carta requiriendo la persona o empresa, participar en el cert\u00e1men, para lo cual adjuntar\u00e1n la informaci\u00f3n siguiente:<\/h4>\n<p>&nbsp;<\/p>\n<ul>\n<li style=\"text-align: justify;\">\n<h4>Nombre y n\u00famero patronal ante el IGSS<\/h4>\n<\/li>\n<li style=\"text-align: justify;\">\n<h4>Direcci\u00f3n f\u00edsica y electr\u00f3nica<\/h4>\n<\/li>\n<li style=\"text-align: justify;\">\n<h4>Fecha de fundaci\u00f3n<\/h4>\n<\/li>\n<li style=\"text-align: justify;\">\n<h4>N\u00famero de trabajadores<\/h4>\n<\/li>\n<li style=\"text-align: justify;\">\n<h4>Actividad econ\u00f3mica principal<\/h4>\n<\/li>\n<li style=\"text-align: justify;\">\n<h4>Otras actividades econ\u00f3micas<\/h4>\n<\/li>\n<li style=\"text-align: justify;\">\n<h4>Producci\u00f3n \/ventas\/ exportaci\u00f3n<\/h4>\n<\/li>\n<li style=\"text-align: justify;\">\n<h4>Indicadores de productividad y competitividad<\/h4>\n<\/li>\n<li style=\"text-align: justify;\">\n<h4>Reconocimientos y\/o galardones recibidos<\/h4>\n<\/li>\n<li style=\"text-align: justify;\">\n<h4>Gremios a que pertenece<\/h4>\n<\/li>\n<li style=\"text-align: justify;\">\n<h4>Sistemas de Calidad<\/h4>\n<ul>\n<li style=\"text-align: justify;\">\n<h4>Series ISO<\/h4>\n<\/li>\n<li style=\"text-align: justify;\">\n<h4>Clima organizacional<\/h4>\n<\/li>\n<li style=\"text-align: justify;\">\n<h4>Evaluaci\u00f3n del desempe\u00f1o<\/h4>\n<\/li>\n<li style=\"text-align: justify;\">\n<h4>Competencias laborales<\/h4>\n<\/li>\n<li style=\"text-align: justify;\">\n<h4>Capacitaci\u00f3n<\/h4>\n<\/li>\n<\/ul>\n<\/li>\n<\/ul>\n<ul>\n<li>\n<h4>Responsabilidad social (beneficios que genera a la sociedad)<\/h4>\n<\/li>\n<li>\n<h4>Responsabilidad ambiental<\/h4>\n<\/li>\n<li>\n<h4>Representante(s) ante el INTECAP para este evento<\/h4>\n<\/li>\n<\/ul>\n<blockquote>\n<h4 style=\"text-align: justify;\">Se insta a todas aquellas empresas privadas o p\u00fablicas que se han destacado y distinguido al servicio de la naci\u00f3n, y que han consagrado su trabajo a favor de la productividad y competitividad, a participar para hacerse acreedor del reconocimiento: Galard\u00f3n a la Productividad y Competitividad, Ricardo Castillo<br \/>Sinibaldi.<\/h4>\n<\/blockquote>\n<p>[\/et_pb_text][\/et_pb_column][\/et_pb_row][\/et_pb_section]<\/p>\n","protected":false},"excerpt":{"rendered":"<p>Se convoca a participar a todas aquellas empresas, que p\u00fablica, notoria o documentalmente evidencien su contribuci\u00f3n en acciones que conlleven enfoque de productividad y competitividad, y cuya calidad la demuestren con: imagen, trayectoria individual y\/o empresarial, intervenci\u00f3n en su mercado objetivo, reconocimientos obtenidos y otros. El Galard\u00f3n tiene cobertura a nivel nacional y se otorga [&hellip;]<\/p>\n","protected":false},"author":1,"featured_media":0,"parent":0,"menu_order":0,"comment_status":"closed","ping_status":"closed","template":"","meta":{"_et_pb_use_builder":"on","_et_pb_old_content":"","_et_gb_content_width":"","footnotes":""},"class_list":["post-738","page","type-page","status-publish","hentry"],"_links":{"self":[{"href":"https:\/\/intecap.edu.gt\/galardon\/wp-json\/wp\/v2\/pages\/738","targetHints":{"allow":["GET"]}}],"collection":[{"href":"https:\/\/intecap.edu.gt\/galardon\/wp-json\/wp\/v2\/pages"}],"about":[{"href":"https:\/\/intecap.edu.gt\/galardon\/wp-json\/wp\/v2\/types\/page"}],"author":[{"embeddable":true,"href":"https:\/\/intecap.edu.gt\/galardon\/wp-json\/wp\/v2\/users\/1"}],"replies":[{"embeddable":true,"href":"https:\/\/intecap.edu.gt\/galardon\/wp-json\/wp\/v2\/comments?post=738"}],"version-history":[{"count":8,"href":"https:\/\/intecap.edu.gt\/galardon\/wp-json\/wp\/v2\/pages\/738\/revisions"}],"predecessor-version":[{"id":785,"href":"https:\/\/intecap.edu.gt\/galardon\/wp-json\/wp\/v2\/pages\/738\/revisions\/785"}],"wp:attachment":[{"href":"https:\/\/intecap.edu.gt\/galardon\/wp-json\/wp\/v2\/media?parent=738"}],"curies":[{"name":"wp","href":"https:\/\/api.w.org\/{rel}","templated":true}]}}

Guía General

<p>[et_pb_section fb_built=&#8221;1&#8243; _builder_version=&#8221;4.18.0&#8243; _module_preset=&#8221;default&#8221; global_colors_info=&#8221;{}&#8221;][et_pb_row _builder_version=&#8221;4.18.0&#8243; _module_preset=&#8221;default&#8221; global_colors_info=&#8221;{}&#8221;][et_pb_column type=&#8221;4_4&#8243; _builder_version=&#8221;4.18.0&#8243; _module_preset=&#8221;default&#8221; global_colors_info=&#8221;{}&#8221;][et_pb_post_title meta=&#8221;off&#8221; featured_image=&#8221;off&#8221; _builder_version=&#8221;4.18.0&#8243; _module_preset=&#8221;default&#8221; title_font_size=&#8221;37px&#8221; global_colors_info=&#8221;{}&#8221;][/et_pb_post_title][et_pb_image src=&#8221;https://intecap.edu.gt/galardonrcs/wp-content/uploads/2022/10/guia-1.jpg&#8221; title_text=&#8221;guia&#8221; _builder_version=&#8221;4.18.0&#8243; _module_preset=&#8221;default&#8221; global_colors_info=&#8221;{}&#8221;][/et_pb_image][/et_pb_column][/et_pb_row][et_pb_row _builder_version=&#8221;4.18.0&#8243; _module_preset=&#8221;default&#8221; global_colors_info=&#8221;{}&#8221;][et_pb_column type=&#8221;4_4&#8243; _builder_version=&#8221;4.18.0&#8243; _module_preset=&#8221;default&#8221; global_colors_info=&#8221;{}&#8221;][et_pb_text _builder_version=&#8221;4.18.0&#8243; _module_preset=&#8221;default&#8221; header_4_font=&#8221;|300|||||||&#8221; global_colors_info=&#8221;{}&#8221;]</p>
<h4 style="text-align: justify;">Se convoca a participar a todas aquellas empresas, que pública, notoria o documentalmente evidencien su contribución en acciones que conlleven enfoque de productividad y competitividad, y cuya calidad la demuestren con: imagen, trayectoria individual y/o empresarial, intervención en su mercado objetivo, reconocimientos obtenidos y otros.</h4>
<h4 style="text-align: justify;">El Galardón tiene cobertura a nivel nacional y se otorga anualmente según propuestas o designaciones. Asimismo, las candidaturas deben hacerse por escrito justificando la razón de ser merecedores del reconocimiento, y presentarlas al Departamento de Mercadeo y Comunicación del INTECAP.</h4>
<h4 style="text-align: justify;">Debe hacerse solamente una propuesta por persona o entidad y la distinción será concedida a criterio de un Consejo que se integrará en cada ocasión, y sometido a consideración y veredicto final de la Honorable Junta Directiva del INTECAP. El ganador del Galardón, se dará a conocer en acto solemne, haciéndole entrega en la fecha que para el efecto se designe. En casos excepcionales, el Jurado puede considerar pertinente otorgar una Mención Honorífica.</h4>
<h4 style="text-align: justify;">El presente documento no es un formato a cubrir, si no una alternativa a considerar para apoyo de los participantes en la presentación de su información y que coadyuve al Comité Organizador y al Jurado Calificador, en la administración, presentación y comprensión de los entes y personas inscritas.</h4>
<h4 style="text-align: justify;">Si usted(es) poseen más datos y desean compartirlos, son bienvenidos. Aceptaremos también presentaciones escritas y/o electrónicas, así como orientación para visitar sus páginas electrónicas.</h4>
<h3 style="text-align: justify;"><strong></strong></h3>
<h3 style="text-align: justify;"><strong></strong></h3>
<h3 style="text-align: justify;"><strong></strong></h3>
<h3 style="text-align: justify;"><strong>PRESENTACIÓN DE DOCUMENTACIÓN:</strong></h3>
<h4 style="text-align: justify;">Vendrá dirigida al Departamento de Mercadeo y Comunicación, sobresaliendo en su parte visible: PARTICIPANTE GALARDÓN A LA PRODUCTIVIDAD Y COMPETITIVIDAD, RICARDO CASTILLO SINIBALDI.</h4>
<h4 style="text-align: justify;"></h4>
<h4 style="text-align: justify;">En el interior se incluirá una carta requiriendo la persona o empresa, participar en el certámen, para lo cual adjuntarán la información siguiente:</h4>
<p>&nbsp;</p>
<ul>
<li style="text-align: justify;">
<h4>Nombre y número patronal ante el IGSS</h4>
</li>
<li style="text-align: justify;">
<h4>Dirección física y electrónica</h4>
</li>
<li style="text-align: justify;">
<h4>Fecha de fundación</h4>
</li>
<li style="text-align: justify;">
<h4>Número de trabajadores</h4>
</li>
<li style="text-align: justify;">
<h4>Actividad económica principal</h4>
</li>
<li style="text-align: justify;">
<h4>Otras actividades económicas</h4>
</li>
<li style="text-align: justify;">
<h4>Producción /ventas/ exportación</h4>
</li>
<li style="text-align: justify;">
<h4>Indicadores de productividad y competitividad</h4>
</li>
<li style="text-align: justify;">
<h4>Reconocimientos y/o galardones recibidos</h4>
</li>
<li style="text-align: justify;">
<h4>Gremios a que pertenece</h4>
</li>
<li style="text-align: justify;">
<h4>Sistemas de Calidad</h4>
<ul>
<li style="text-align: justify;">
<h4>Series ISO</h4>
</li>
<li style="text-align: justify;">
<h4>Clima organizacional</h4>
</li>
<li style="text-align: justify;">
<h4>Evaluación del desempeño</h4>
</li>
<li style="text-align: justify;">
<h4>Competencias laborales</h4>
</li>
<li style="text-align: justify;">
<h4>Capacitación</h4>
</li>
</ul>
</li>
</ul>
<ul>
<li>
<h4>Responsabilidad social (beneficios que genera a la sociedad)</h4>
</li>
<li>
<h4>Responsabilidad ambiental</h4>
</li>
<li>
<h4>Representante(s) ante el INTECAP para este evento</h4>
</li>
</ul>
<blockquote>
<h4 style="text-align: justify;">Se insta a todas aquellas empresas privadas o públicas que se han destacado y distinguido al servicio de la nación, y que han consagrado su trabajo a favor de la productividad y competitividad, a participar para hacerse acreedor del reconocimiento: Galardón a la Productividad y Competitividad, Ricardo Castillo<br />Sinibaldi.</h4>
</blockquote>
<p>[/et_pb_text][/et_pb_column][/et_pb_row][/et_pb_section]</p>

<p>Se convoca a participar a todas aquellas empresas, que pública, notoria o documentalmente evidencien su contribución en acciones que conlleven enfoque de productividad y competitividad, y cuya calidad la demuestren con: imagen, trayectoria individual y/o empresarial, intervención en su mercado objetivo, reconocimientos obtenidos y otros. El Galardón tiene cobertura a nivel nacional y se otorga [&hellip;]</p>
