{"id":8588,"date":"2022-03-15T16:25:22","date_gmt":"2022-03-15T15:25:22","guid":{"rendered":"https:\/\/intecap.edu.gt\/ingles2\/?page_id=8588"},"modified":"2022-03-18T15:26:14","modified_gmt":"2022-03-18T21:26:14","slug":"niveles","status":"publish","type":"page","link":"https:\/\/intecap.edu.gt\/inglesparatodos\/niveles\/","title":{"rendered":"Niveles"},"content":{"rendered":"[et_pb_section fb_built=&#8221;1&#8243; _builder_version=&#8221;4.14.9&#8243; _module_preset=&#8221;default&#8221; custom_padding=&#8221;||8px|||&#8221; global_colors_info=&#8221;{}&#8221;][et_pb_row column_structure=&#8221;1_2,1_2&#8243; _builder_version=&#8221;4.14.9&#8243; _module_preset=&#8221;default&#8221; global_colors_info=&#8221;{}&#8221;][et_pb_column type=&#8221;1_2&#8243; _builder_version=&#8221;4.14.9&#8243; _module_preset=&#8221;default&#8221; global_colors_info=&#8221;{}&#8221;][et_pb_post_title meta=&#8221;off&#8221; featured_image=&#8221;off&#8221; _builder_version=&#8221;4.14.9&#8243; _module_preset=&#8221;default&#8221; title_font=&#8221;|||on|||||&#8221; title_text_color=&#8221;#E09900&#8243; global_colors_info=&#8221;{}&#8221;][\/et_pb_post_title][et_pb_text _builder_version=&#8221;4.14.9&#8243; text_font=&#8221;PT Sans||||||||&#8221; text_font_size=&#8221;16px&#8221; text_line_height=&#8221;1.8em&#8221; header_font=&#8221;Playfair Display|700|||||||&#8221; header_font_size=&#8221;54px&#8221; header_line_height=&#8221;1.1em&#8221; header_font_size_tablet=&#8221;40px&#8221; header_font_size_phone=&#8221;30px&#8221; header_font_size_last_edited=&#8221;on|phone&#8221; global_colors_info=&#8221;{}&#8221;]\n<h1>Iniciamos tu formaci\u00f3n en el idioma ingl\u00e9s o te ofrecemos niveles avanzados<\/h1>\n<h4 style=\"text-align: justify;\">Nuestros niveles se encuentran alineados al Marco Com\u00fan Europeo de Referencia para el idioma ingl\u00e9s, por lo que ofrecemos cursos para todos los niveles, desde cursos b\u00e1sicos para que puedas iniciar tu formaci\u00f3n en ingl\u00e9s, hasta niveles avanzados para obtener empleo en industrias completamente biling\u00fces.<\/h4>\n<blockquote>\n<h4 style=\"text-align: justify;\">Nuestra prueba de ubicaci\u00f3n asegura que iniciar\u00e1s justo en el nivel que requieres seg\u00fan tu experiencia existente con el idioma.<\/h4>\n<\/blockquote>\n[\/et_pb_text][\/et_pb_column][et_pb_column type=&#8221;1_2&#8243; _builder_version=&#8221;4.14.9&#8243; _module_preset=&#8221;default&#8221; global_colors_info=&#8221;{}&#8221;][et_pb_image src=&#8221;https:\/\/intecap.edu.gt\/inglesparatodos\/wp-content\/uploads\/2021\/10\/niveles-fad2.jpg&#8221; title_text=&#8221;niveles-fad2&#8243; align=&#8221;center&#8221; _builder_version=&#8221;4.14.9&#8243; _module_preset=&#8221;default&#8221; hover_enabled=&#8221;0&#8243; global_colors_info=&#8221;{}&#8221; sticky_enabled=&#8221;0&#8243;][\/et_pb_image][\/et_pb_column][\/et_pb_row][\/et_pb_section][et_pb_section fb_built=&#8221;1&#8243; _builder_version=&#8221;4.14.9&#8243; custom_padding=&#8221;||14px|||&#8221; global_colors_info=&#8221;{}&#8221;][et_pb_row column_structure=&#8221;1_5,1_5,1_5,1_5,1_5&#8243; _builder_version=&#8221;4.14.9&#8243; _module_preset=&#8221;default&#8221; width=&#8221;100%&#8221; max_width=&#8221;1600px&#8221; module_alignment=&#8221;center&#8221; global_colors_info=&#8221;{}&#8221;][et_pb_column type=&#8221;1_5&#8243; _builder_version=&#8221;4.14.9&#8243; _module_preset=&#8221;default&#8221; global_colors_info=&#8221;{}&#8221;][et_pb_team_member name=&#8221;English Journey A1&#8243; image_url=&#8221;https:\/\/intecap.edu.gt\/inglesparatodos\/wp-content\/uploads\/2021\/09\/b-a1.jpg&#8221; _builder_version=&#8221;4.14.9&#8243; _module_preset=&#8221;default&#8221; header_level=&#8221;h1&#8243; header_font=&#8221;|600|||||||&#8221; header_font_size=&#8221;30px&#8221; body_font=&#8221;||||||||&#8221; body_font_size=&#8221;17px&#8221; max_width=&#8221;90%&#8221; module_alignment=&#8221;center&#8221; hover_enabled=&#8221;0&#8243; global_colors_info=&#8221;{}&#8221; title_text=&#8221;b-a1&#8243; sticky_enabled=&#8221;0&#8243;]\n<p>Para personas que inician sin conocimiento previo del idioma ingl\u00e9s (principiantes).<\/p>\n<h5><strong><\/strong><\/h5>\n<h5><strong>160 horas en total.<\/strong><br \/><strong>2 cursos de 80 horas cada uno<\/strong><\/h5>\n[\/et_pb_team_member][\/et_pb_column][et_pb_column type=&#8221;1_5&#8243; _builder_version=&#8221;4.14.9&#8243; _module_preset=&#8221;default&#8221; global_colors_info=&#8221;{}&#8221;][et_pb_team_member name=&#8221;English Journey A2&#8243; image_url=&#8221;https:\/\/intecap.edu.gt\/inglesparatodos\/wp-content\/uploads\/2021\/09\/b-a2.jpg&#8221; _builder_version=&#8221;4.14.9&#8243; _module_preset=&#8221;default&#8221; header_level=&#8221;h1&#8243; header_font=&#8221;|600|||||||&#8221; header_font_size=&#8221;30px&#8221; body_font=&#8221;||||||||&#8221; body_font_size=&#8221;17px&#8221; max_width=&#8221;90%&#8221; module_alignment=&#8221;center&#8221; hover_enabled=&#8221;0&#8243; global_colors_info=&#8221;{}&#8221; title_text=&#8221;b-a2&#8243; sticky_enabled=&#8221;0&#8243;]\n<p>Para personas de nivel A1 &#8211; MCER que buscan llegar al nivel A2<\/p>\n<h5><strong><\/strong><\/h5>\n<h5><strong><\/strong><\/h5>\n<h5><strong>160 horas en total<\/strong><br \/><strong>2 cursos de 80 horas cada uno<\/strong><\/h5>\n[\/et_pb_team_member][\/et_pb_column][et_pb_column type=&#8221;1_5&#8243; _builder_version=&#8221;4.14.8&#8243; _module_preset=&#8221;default&#8221; global_colors_info=&#8221;{}&#8221;][et_pb_team_member name=&#8221;English Journey B1&#8243; image_url=&#8221;https:\/\/intecap.edu.gt\/inglesparatodos\/wp-content\/uploads\/2021\/09\/b-b1.jpg&#8221; _builder_version=&#8221;4.14.9&#8243; _module_preset=&#8221;default&#8221; header_level=&#8221;h1&#8243; header_font=&#8221;|600|||||||&#8221; header_font_size=&#8221;30px&#8221; body_font=&#8221;||||||||&#8221; body_font_size=&#8221;17px&#8221; max_width=&#8221;90%&#8221; module_alignment=&#8221;center&#8221; hover_enabled=&#8221;0&#8243; global_colors_info=&#8221;{}&#8221; title_text=&#8221;b-b1&#8243; sticky_enabled=&#8221;0&#8243;]\n<p>Para personas de nivel A2 &#8211; MCER que buscan llegar al nivel B1.<\/p>\n<h5><\/h5>\n<h5><strong><\/strong><\/h5>\n<h5><strong>320 horas en total<\/strong><br \/><strong>4 cursos de 80 horas cada uno.<\/strong><\/h5>\n[\/et_pb_team_member][\/et_pb_column][et_pb_column type=&#8221;1_5&#8243; _builder_version=&#8221;4.14.8&#8243; _module_preset=&#8221;default&#8221; global_colors_info=&#8221;{}&#8221;][et_pb_team_member name=&#8221;English Journey B2&#8243; image_url=&#8221;https:\/\/intecap.edu.gt\/inglesparatodos\/wp-content\/uploads\/2021\/09\/b-b2.jpg&#8221; _builder_version=&#8221;4.14.9&#8243; _module_preset=&#8221;default&#8221; header_level=&#8221;h1&#8243; header_font=&#8221;|600|||||||&#8221; header_font_size=&#8221;30px&#8221; body_font=&#8221;||||||||&#8221; body_font_size=&#8221;17px&#8221; max_width=&#8221;90%&#8221; module_alignment=&#8221;center&#8221; hover_enabled=&#8221;0&#8243; global_colors_info=&#8221;{}&#8221; title_text=&#8221;b-b2&#8243; sticky_enabled=&#8221;0&#8243;]\n<p>Para personas de nivel B1 &#8211; MCER que buscan llegar al nivel B2.<\/p>\n<h5><\/h5>\n<h5><strong><\/strong><\/h5>\n<h5><strong>240 horas en total<\/strong><br \/><strong>3 cursos de 80 horas cada uno.<\/strong><\/h5>\n[\/et_pb_team_member][\/et_pb_column][et_pb_column type=&#8221;1_5&#8243; _builder_version=&#8221;4.14.8&#8243; _module_preset=&#8221;default&#8221; global_colors_info=&#8221;{}&#8221;][et_pb_team_member name=&#8221;English Journey C1&#8243; image_url=&#8221;https:\/\/intecap.edu.gt\/inglesparatodos\/wp-content\/uploads\/2021\/09\/b-c1.jpg&#8221; _builder_version=&#8221;4.14.9&#8243; _module_preset=&#8221;default&#8221; header_level=&#8221;h1&#8243; header_font=&#8221;|600|||||||&#8221; header_font_size=&#8221;30px&#8221; body_font=&#8221;||||||||&#8221; body_font_size=&#8221;17px&#8221; max_width=&#8221;90%&#8221; module_alignment=&#8221;center&#8221; hover_enabled=&#8221;0&#8243; global_colors_info=&#8221;{}&#8221; title_text=&#8221;b-c1&#8243; sticky_enabled=&#8221;0&#8243;]\n<p>Para personas de nivel B2 &#8211; MCER que buscan llegar al nivel C1.<\/p>\n<h5><\/h5>\n<h5><strong><\/strong><\/h5>\n<h5><strong>240 horas en total<\/strong><br \/><strong>3 cursos de 80 horas cada uno.<\/strong><\/h5>\n[\/et_pb_team_member][\/et_pb_column][\/et_pb_row][et_pb_row _builder_version=&#8221;4.14.9&#8243; _module_preset=&#8221;default&#8221; global_colors_info=&#8221;{}&#8221;][et_pb_column type=&#8221;4_4&#8243; _builder_version=&#8221;4.14.9&#8243; _module_preset=&#8221;default&#8221; global_colors_info=&#8221;{}&#8221;][et_pb_text _builder_version=&#8221;4.14.9&#8243; _module_preset=&#8221;default&#8221; global_colors_info=&#8221;{}&#8221;]\n<h4>*Todos los niveles incluyen horas de autoformaci\u00f3n en la plataforma de ingl\u00e9s en l\u00ednea con metas espec\u00edficas semanales seg\u00fan la intensidad.<\/h4>\n[\/et_pb_text][\/et_pb_column][\/et_pb_row][et_pb_row _builder_version=&#8221;4.14.9&#8243; _module_preset=&#8221;default&#8221; global_colors_info=&#8221;{}&#8221;][et_pb_column type=&#8221;4_4&#8243; _builder_version=&#8221;4.14.9&#8243; _module_preset=&#8221;default&#8221; global_colors_info=&#8221;{}&#8221;][\/et_pb_column][\/et_pb_row][\/et_pb_section]\n","protected":false},"excerpt":{"rendered":"<p>Iniciamos tu formaci\u00f3n en el idioma ingl\u00e9s o te ofrecemos niveles avanzados Nuestros niveles se encuentran alineados al Marco Com\u00fan Europeo de Referencia para el idioma ingl\u00e9s, por lo que ofrecemos cursos para todos los niveles, desde cursos b\u00e1sicos para que puedas iniciar tu formaci\u00f3n en ingl\u00e9s, hasta niveles avanzados para obtener empleo en industrias [&hellip;]<\/p>\n","protected":false},"author":1,"featured_media":0,"parent":0,"menu_order":0,"comment_status":"closed","ping_status":"closed","template":"","meta":{"_et_pb_use_builder":"on","_et_pb_old_content":"","_et_gb_content_width":"","footnotes":""},"class_list":["post-8588","page","type-page","status-publish","hentry"],"_links":{"self":[{"href":"https:\/\/intecap.edu.gt\/inglesparatodos\/wp-json\/wp\/v2\/pages\/8588","targetHints":{"allow":["GET"]}}],"collection":[{"href":"https:\/\/intecap.edu.gt\/inglesparatodos\/wp-json\/wp\/v2\/pages"}],"about":[{"href":"https:\/\/intecap.edu.gt\/inglesparatodos\/wp-json\/wp\/v2\/types\/page"}],"author":[{"embeddable":true,"href":"https:\/\/intecap.edu.gt\/inglesparatodos\/wp-json\/wp\/v2\/users\/1"}],"replies":[{"embeddable":true,"href":"https:\/\/intecap.edu.gt\/inglesparatodos\/wp-json\/wp\/v2\/comments?post=8588"}],"version-history":[{"count":12,"href":"https:\/\/intecap.edu.gt\/inglesparatodos\/wp-json\/wp\/v2\/pages\/8588\/revisions"}],"predecessor-version":[{"id":8740,"href":"https:\/\/intecap.edu.gt\/inglesparatodos\/wp-json\/wp\/v2\/pages\/8588\/revisions\/8740"}],"wp:attachment":[{"href":"https:\/\/intecap.edu.gt\/inglesparatodos\/wp-json\/wp\/v2\/media?parent=8588"}],"curies":[{"name":"wp","href":"https:\/\/api.w.org\/{rel}","templated":true}]}}