{"id":455,"date":"2019-11-14T09:41:22","date_gmt":"2019-11-14T15:41:22","guid":{"rendered":"https:\/\/intecap.edu.gt\/modaintecap\/?page_id=455"},"modified":"2019-11-14T13:00:57","modified_gmt":"2019-11-14T19:00:57","slug":"moda-intecap-2016","status":"publish","type":"page","link":"https:\/\/intecap.edu.gt\/modaintecap\/moda-intecap-2016\/","title":{"rendered":"Moda INTECAP 2016"},"content":{"rendered":"<p>[et_pb_section fb_built=&#8221;1&#8243; custom_padding_last_edited=&#8221;on|desktop&#8221; admin_label=&#8221;Header&#8221; _builder_version=&#8221;4.0.4&#8243; background_color=&#8221;#242424&#8243; background_enable_image=&#8221;off&#8221; background_size=&#8221;initial&#8221; custom_padding=&#8221;0vw||0vw||false|&#8221; custom_padding_tablet=&#8221;0vw||20vw&#8221; custom_padding_phone=&#8221;&#8221;][et_pb_row column_structure=&#8221;1_2,1_2&#8243; _builder_version=&#8221;4.0.6&#8243; background_color=&#8221;#000000&#8243; background_image=&#8221;https:\/\/intecap.edu.gt\/modaintecap\/wp-content\/uploads\/2019\/11\/banner-moda2016.jpg&#8221; background_size=&#8221;initial&#8221; width=&#8221;100%&#8221; max_width=&#8221;none&#8221; min_height=&#8221;244px&#8221; custom_margin=&#8221;0px||||false|false&#8221; custom_padding=&#8221;0px||0px||true|false&#8221;][et_pb_column type=&#8221;1_2&#8243; _builder_version=&#8221;4.0.4&#8243; custom_padding=&#8221;0px|19px|19px|0px|false|false&#8221;][et_pb_image src=&#8221;https:\/\/intecap.edu.gt\/modaintecap\/wp-content\/uploads\/2019\/10\/logomoda.png&#8221; align=&#8221;center&#8221; _builder_version=&#8221;4.0.4&#8243; width=&#8221;100%&#8221; max_width=&#8221;100%&#8221; min_height=&#8221;100px&#8221; height=&#8221;358px&#8221; custom_margin=&#8221;|546px||||&#8221; custom_padding=&#8221;|0px||||&#8221; animation_style=&#8221;zoom&#8221; animation_duration=&#8221;50ms&#8221; animation_intensity_zoom=&#8221;25%&#8221;][\/et_pb_image][et_pb_image _builder_version=&#8221;4.0.4&#8243; width=&#8221;26%&#8221; max_width=&#8221;100%&#8221; module_alignment=&#8221;left&#8221; custom_margin=&#8221;-29px|||||&#8221; animation_style=&#8221;zoom&#8221; animation_duration=&#8221;50ms&#8221; animation_intensity_zoom=&#8221;25%&#8221;][\/et_pb_image][\/et_pb_column][et_pb_column type=&#8221;1_2&#8243; _builder_version=&#8221;4.0.4&#8243; custom_padding=&#8221;0px|19px|19px|0px|false|false&#8221;][\/et_pb_column][\/et_pb_row][et_pb_row column_structure=&#8221;1_2,1_2&#8243; make_equal=&#8221;on&#8221; _builder_version=&#8221;4.0.4&#8243; background_color=&#8221;#ffffff&#8221; max_width=&#8221;1900px&#8221; module_alignment=&#8221;center&#8221; custom_padding=&#8221;46px|||||&#8221;][et_pb_column type=&#8221;1_2&#8243; _builder_version=&#8221;4.0.4&#8243;][et_pb_text _builder_version=&#8221;4.0.6&#8243; text_font_size=&#8221;17px&#8221; header_font=&#8221;|700|||||||&#8221; header_font_size=&#8221;43px&#8221; custom_margin=&#8221;|||56px|false|false&#8221; custom_padding=&#8221;16px|0px||55px|false|false&#8221;]<\/p>\n<h1 style=\"text-align: justify;\">FASHION SHOW 2016<\/h1>\n<p style=\"text-align: justify;\">INTECAP FASHION RUNWAY 2016, se realiz\u00f3 en el 4 de noviembre en IRTRA Mundo Petapa en la Plaza Mi Barrio, ubicada en zona 12. En esta oportunidad los presentes observaron m\u00e1s de 70 dise\u00f1os acordes a la tendencia oto\u00f1o-invierno 2017-2018 que abarcan un estilo urbano, moderno, vintage, irradiando glamour, feminidad y elegancia.<\/p>\n<p style=\"text-align: justify;\">En esta pasarela se observ\u00f3 la capacitaci\u00f3n y conocimientos adquiridos en la Carrera de T\u00e9cnico en dise\u00f1o industrial del vestuario y Modista de los diferentes Centros de Capacitaci\u00f3n del INTECAP, siendo un total de 78 participantes.<\/p>\n<p style=\"text-align: justify;\">Los nombres de algunas de las colecciones presentadas fueron: Noche de anta\u00f1o, Libre movimiento, Renacer, Guatemala\u00b4s stripesstyle y Movimiento el L\u00edneas.<\/p>\n<p>[\/et_pb_text][\/et_pb_column][et_pb_column type=&#8221;1_2&#8243; _builder_version=&#8221;4.0.4&#8243;][et_pb_image src=&#8221;https:\/\/intecap.edu.gt\/modaintecap\/wp-content\/uploads\/2019\/11\/fashion-intecap-2016.jpg&#8221; _builder_version=&#8221;4.0.6&#8243;][\/et_pb_image][\/et_pb_column][\/et_pb_row][et_pb_row column_structure=&#8221;1_2,1_2&#8243; make_equal=&#8221;on&#8221; _builder_version=&#8221;4.0.4&#8243; background_color=&#8221;#ffffff&#8221; max_width=&#8221;1900px&#8221; module_alignment=&#8221;center&#8221; custom_margin=&#8221;-20px|auto||auto||&#8221; custom_padding=&#8221;46px|111px||||&#8221;][et_pb_column type=&#8221;1_2&#8243; _builder_version=&#8221;4.0.4&#8243;][et_pb_image src=&#8221;https:\/\/intecap.edu.gt\/modaintecap\/wp-content\/uploads\/2019\/11\/modaintecap2016.jpg&#8221; _builder_version=&#8221;4.0.6&#8243; custom_margin=&#8221;|-56px||||&#8221; custom_padding=&#8221;|||117px||&#8221;][\/et_pb_image][\/et_pb_column][et_pb_column type=&#8221;1_2&#8243; _builder_version=&#8221;4.0.4&#8243;][et_pb_text _builder_version=&#8221;4.0.6&#8243; text_font_size=&#8221;17px&#8221; header_font=&#8221;|700|||||||&#8221; header_font_size=&#8221;44px&#8221; custom_margin=&#8221;|-45px||56px|false|false&#8221; custom_padding=&#8221;|0px||4px|false|false&#8221; hover_enabled=&#8221;0&#8243;]<\/p>\n<h1>SEMANA DE LA MODA<\/h1>\n<p style=\"text-align: justify;\">En las instalaciones del Centro de Capacitaci\u00f3n Guatemala 1, el mi\u00e9rcoles 2 y el jueves 3 de noviembre, realiz\u00f3 la SEMANA DE LA MODA, en la cual se impartieron seminarios gratuitos:<\/p>\n<ul>\n<li style=\"text-align: justify;\">Ajustes para puntadas especiales en m\u00e1quinas de coser industrial,<\/li>\n<li style=\"text-align: justify;\">Introducci\u00f3n de un sistema de calidad en el laboratorio textil,<\/li>\n<li style=\"text-align: justify;\">Del dise\u00f1o a la producci\u00f3n en l\u00ednea,<\/li>\n<li style=\"text-align: justify;\">Nuevos requerimientos de los clientes enfocados a sistemas de gesti\u00f3n integral,<\/li>\n<li style=\"text-align: justify;\">Otros relacionados al sector textil.<\/li>\n<\/ul>\n<p>&nbsp;<\/p>\n<p>&nbsp;<\/p>\n<p style=\"text-align: justify;\">\n[\/et_pb_text][\/et_pb_column][\/et_pb_row][\/et_pb_section][et_pb_section fb_built=&#8221;1&#8243; fullwidth=&#8221;on&#8221; _builder_version=&#8221;4.0.6&#8243; background_color=&#8221;#e01f45&#8243; background_image=&#8221;https:\/\/intecap.edu.gt\/modaintecap\/wp-content\/uploads\/2019\/11\/fashion-2016.jpg&#8221; background_blend=&#8221;soft-light&#8221;][et_pb_fullwidth_header title=&#8221;TENDENCIAS&#8221; text_orientation=&#8221;center&#8221; _builder_version=&#8221;4.0.6&#8243; title_font=&#8221;||||||||&#8221; title_text_color=&#8221;#ffffff&#8221; title_font_size=&#8221;44px&#8221; title_line_height=&#8221;1.2em&#8221; content_text_align=&#8221;center&#8221; content_line_height=&#8221;1.3em&#8221; subhead_font_size=&#8221;41px&#8221; background_color=&#8221;rgba(0,0,0,0)&#8221; custom_margin=&#8221;-1px||||false|false&#8221; custom_padding=&#8221;39px||||false|false&#8221; title_text_shadow_style=&#8221;preset4&#8243;]<\/p>\n<h4 style=\"text-align: justify;\">Las tendencias: Ambient Garden, Boho Blues, Stripe-Happy, Girl-on-Fire, Green Machine, Wild-Ocean, Orange -Slice, Pink \u2013Violet, Sage-Garden, Surf-Gypsy, Urban-Decay, buscan destacar por medio de las texturas la belleza femenina, muchas inspiradas en trajes militares, Art Deco, artesan\u00edas, textiles y tejidos de nuestra cultura guatemalteca.<\/h4>\n<p>[\/et_pb_fullwidth_header][\/et_pb_section][et_pb_section fb_built=&#8221;1&#8243; _builder_version=&#8221;4.0.4&#8243;][et_pb_row column_structure=&#8221;2_5,3_5&#8243; _builder_version=&#8221;4.0.4&#8243; max_width=&#8221;1400px&#8221;][et_pb_column type=&#8221;2_5&#8243; _builder_version=&#8221;4.0.4&#8243;][et_pb_testimonial author=&#8221;Lda. Nora Oliveros&#8221; job_title=&#8221;Jefe del Taller Textil&#8221; company_name=&#8221;INTECAP&#8221; _builder_version=&#8221;4.0.6&#8243; author_text_color=&#8221;#0c71c3&#8243; author_font_size=&#8221;20px&#8221; use_background_color=&#8221;off&#8221;]<\/p>\n<h4 style=\"text-align: justify;\">\u201cSe convierte en una plataforma para que los empresarios del sector textil descubran el talento que genera el INTECAP con la capacitaci\u00f3n brindada, y permite a los j\u00f3venes adquirir confianza en s\u00ed mismo y la certeza de que todo lo que se propongan lo puedan alcanzar con esfuerzo y dedicaci\u00f3n\u201d<\/h4>\n<p>[\/et_pb_testimonial][et_pb_testimonial author=&#8221;Lda. Mirna Nij&#8221; job_title=&#8221;Integrante Junta Directiva&#8221; company_name=&#8221;INTECAP&#8221; _builder_version=&#8221;4.0.6&#8243; author_text_color=&#8221;#0c71c3&#8243; author_font_size=&#8221;20px&#8221; use_background_color=&#8221;off&#8221;]<\/p>\n<h4 style=\"text-align: justify;\"><em>&#8220;Realmente es un sue\u00f1o ver c\u00f3mo los j\u00f3venes salen preparados y dispuestos para aportarle a Guatemala\u201d.<\/em><\/h4>\n<p>[\/et_pb_testimonial][\/et_pb_column][et_pb_column type=&#8221;3_5&#8243; _builder_version=&#8221;4.0.4&#8243;][et_pb_video src=&#8221;https:\/\/youtu.be\/0JFarv0sedE&#8221; _builder_version=&#8221;4.0.6&#8243;][\/et_pb_video][\/et_pb_column][\/et_pb_row][\/et_pb_section][et_pb_section fb_built=&#8221;1&#8243; _builder_version=&#8221;4.0.4&#8243; custom_padding=&#8221;14px|||||&#8221;][et_pb_row _builder_version=&#8221;4.0.4&#8243;][et_pb_column type=&#8221;4_4&#8243; _builder_version=&#8221;4.0.4&#8243;][et_pb_text _builder_version=&#8221;4.0.4&#8243;]<\/p>\n<h1>GALER\u00cdA<\/h1>\n<p>[\/et_pb_text][\/et_pb_column][\/et_pb_row][et_pb_row _builder_version=&#8221;4.0.6&#8243;][et_pb_column type=&#8221;4_4&#8243; _builder_version=&#8221;4.0.6&#8243;][et_pb_gallery show_title_and_caption=&#8221;off&#8221; _builder_version=&#8221;4.0.6&#8243; pagination_font=&#8221;|800|||||||&#8221; pagination_text_color=&#8221;#000000&#8243; gallery_ids=&#8221;483,484,485,486,487,488,489,490,491,492,493,494,495,496,497,498,499,500,501,502,503,504,505,506,507,508,509,510,511,512,513,514,515,516,517,518,519,520,521,522,523,524,525,526,527,528,529,530,531,532,533,534,535,536,537,538,539,540,541,542,543,544,545,546,547,548,549,550,551,552&#8243; posts_number=&#8221;40&#8243; hover_enabled=&#8221;0&#8243;][\/et_pb_gallery][\/et_pb_column][\/et_pb_row][\/et_pb_section]<\/p>\n","protected":false},"excerpt":{"rendered":"<p>FASHION SHOW 2016 INTECAP FASHION RUNWAY 2016, se realiz\u00f3 en el 4 de noviembre en IRTRA Mundo Petapa en la Plaza Mi Barrio, ubicada en zona 12. En esta oportunidad los presentes observaron m\u00e1s de 70 dise\u00f1os acordes a la tendencia oto\u00f1o-invierno 2017-2018 que abarcan un estilo urbano, moderno, vintage, irradiando glamour, feminidad y elegancia. [&hellip;]<\/p>\n","protected":false},"author":1,"featured_media":0,"parent":0,"menu_order":0,"comment_status":"closed","ping_status":"closed","template":"","meta":{"_et_pb_use_builder":"on","_et_pb_old_content":"","_et_gb_content_width":"","footnotes":""},"class_list":["post-455","page","type-page","status-publish","hentry"],"_links":{"self":[{"href":"https:\/\/intecap.edu.gt\/modaintecap\/wp-json\/wp\/v2\/pages\/455","targetHints":{"allow":["GET"]}}],"collection":[{"href":"https:\/\/intecap.edu.gt\/modaintecap\/wp-json\/wp\/v2\/pages"}],"about":[{"href":"https:\/\/intecap.edu.gt\/modaintecap\/wp-json\/wp\/v2\/types\/page"}],"author":[{"embeddable":true,"href":"https:\/\/intecap.edu.gt\/modaintecap\/wp-json\/wp\/v2\/users\/1"}],"replies":[{"embeddable":true,"href":"https:\/\/intecap.edu.gt\/modaintecap\/wp-json\/wp\/v2\/comments?post=455"}],"version-history":[{"count":4,"href":"https:\/\/intecap.edu.gt\/modaintecap\/wp-json\/wp\/v2\/pages\/455\/revisions"}],"predecessor-version":[{"id":553,"href":"https:\/\/intecap.edu.gt\/modaintecap\/wp-json\/wp\/v2\/pages\/455\/revisions\/553"}],"wp:attachment":[{"href":"https:\/\/intecap.edu.gt\/modaintecap\/wp-json\/wp\/v2\/media?parent=455"}],"curies":[{"name":"wp","href":"https:\/\/api.w.org\/{rel}","templated":true}]}}