{"id":10669,"date":"2025-05-23T19:11:45","date_gmt":"2025-05-24T01:11:45","guid":{"rendered":"https:\/\/intecap.edu.gt\/semanadelseguro\/?post_type=tribe_events&#038;p=10669"},"modified":"2025-06-02T00:01:07","modified_gmt":"2025-06-02T06:01:07","slug":"el-futuro-del-reaseguro-un-mundo-de-grandes-riesgos-y-lleno-de-oportunidades","status":"publish","type":"tribe_events","link":"https:\/\/intecap.edu.gt\/semanadelseguro\/conferencia\/el-futuro-del-reaseguro-un-mundo-de-grandes-riesgos-y-lleno-de-oportunidades\/","title":{"rendered":"El Futuro del (Rea)Seguro \u2013 Un Mundo de grandes Riesgos y lleno de Oportunidades"},"content":{"rendered":"<p><a href=\"https:\/\/us02web.zoom.us\/webinar\/register\/WN_NTVWVK17TqW4X3ZGTKyDug\" target=\"_blank\" rel=\"noopener\"><img decoding=\"async\" class=\"aligncenter wp-image-24323 size-medium\" src=\"https:\/\/intecap.edu.gt\/semanadelseguro\/wp-content\/uploads\/2025\/05\/botonzoom-1-300x107.png\" alt=\"\" width=\"300\" height=\"107\" srcset=\"https:\/\/intecap.edu.gt\/semanadelseguro\/wp-content\/uploads\/2025\/05\/botonzoom-1-300x107.png 300w, https:\/\/intecap.edu.gt\/semanadelseguro\/wp-content\/uploads\/2025\/05\/botonzoom-1.png 400w\" sizes=\"(max-width: 300px) 100vw, 300px\" \/><\/a><\/p>\n<h3>Conferencista: Horst Agata<\/h3>\n<p>Horst Agata, nacido en Oberhausen (Alemania), hizo sus estudios de Econom\u00eda y Matem\u00e1ticas en las universidades de Duisburgo y Madrid. En 1991 empez\u00f3 a trabajar como Trainee en la AMB (uno de los grupos financieros m\u00e1s grandes de Alemania, hoy Generali). Ha impartido muchas conferencias sobre diferentes temas de seguro y reaseguro en varios pa\u00edses de Latinoam\u00e9rica y en Espa\u00f1a. Tambi\u00e9n tuvo la oportunidad de ser responsable de algunos seminarios sobre seguro y reaseguro para Gen Re y para diferentes instituciones aseguradoras dentro de regi\u00f3n latinoamericana.<\/p>\n<p>Durante el congreso de FIDES realizado en Caracas Venezuela en 2005, Horst Agata fue nombrado por la \u201cRevista Mexicana de Seguros\u201d, uno de los 50 personajes que han forjado el seguro en M\u00e9xico.<\/p>\n<p>En mayo de 2014, recibi\u00f3 por parte de la revista Reactions, el premio por ser la persona m\u00e1s influyente dentro del sector asegurador de Latino Am\u00e9rica.<\/p>\n<p>En abril 2016 fue, postulado a la medalla al m\u00e9rito reasegurador en Santa Fe de Bogot\u00e1 (Colombia).<\/p>\n<p>Desde enero 2016 hasta agosto 2025, Horst Agata ha sido presidente del Comit\u00e9 de Reaseguro dentro de la Asociaci\u00f3n Mexicana de Instituciones de Seguros (AMIS), hoy d\u00eda es presidente de dicha asociaci\u00f3n.<\/p>\n<p style=\"text-align: right;\"><a href=\"\/semanadelseguro\/expositores\/\">Conoce todos los conferencistas &gt;<\/a><\/p>\n","protected":false},"excerpt":{"rendered":"<p>Conferencista: Horst Agata<\/p>\n<p>Horst Agata, nacido en Oberhausen (Alemania), hizo sus estudios de Econom\u00eda y Matem\u00e1ticas en las universidades de Duisburgo y Madrid. En 1991 empez\u00f3 a trabajar como Trainee en la AMB (uno de los grupos financieros m\u00e1s grandes de Alemania, hoy Generali). Ha impartido muchas conferencias sobre diferentes temas de seguro y reaseguro en varios pa\u00edses de Latinoam\u00e9rica y en Espa\u00f1a. Tambi\u00e9n tuvo la oportunidad de ser responsable de algunos seminarios sobre seguro y reaseguro para Gen Re y para diferentes instituciones aseguradoras dentro de regi\u00f3n latinoamericana.<\/p>\n<p>Durante el congreso de FIDES realizado en Caracas Venezuela en 2005, Horst Agata fue nombrado por la \u201cRevista Mexicana de Seguros\u201d, uno de los 50 personajes que han forjado el seguro en M\u00e9xico.<\/p>\n<p>En mayo de 2014, recibi\u00f3 por parte de la revista Reactions, el premio por ser la persona m\u00e1s influyente dentro del sector asegurador de Latino Am\u00e9rica.<\/p>\n<p>En abril 2016 fue, postulado a la medalla al m\u00e9rito reasegurador en Santa Fe de Bogot\u00e1 (Colombia).<\/p>\n<p>Desde enero 2016 hasta agosto 2025, Horst Agata ha sido presidente del Comit\u00e9 de Reaseguro dentro de la Asociaci\u00f3n Mexicana de Instituciones de Seguros (AMIS), hoy d\u00eda es presidente de dicha asociaci\u00f3n.<\/p>\n","protected":false},"author":6,"featured_media":20134,"template":"","meta":{"_price":"","_stock":"","_tribe_ticket_header":"","_tribe_default_ticket_provider":"","_tribe_ticket_capacity":"0","_ticket_start_date":"","_ticket_end_date":"","_tribe_ticket_show_description":"","_tribe_ticket_show_not_going":false,"_tribe_ticket_use_global_stock":"","_tribe_ticket_global_stock_level":"","_global_stock_mode":"","_global_stock_cap":"","_tribe_rsvp_for_event":"","_tribe_ticket_going_count":"","_tribe_ticket_not_going_count":"","_tribe_tickets_list":"[]","_tribe_ticket_has_attendee_info_fields":false,"_tribe_events_status":"","_tribe_events_status_reason":"","footnotes":"","_tec_slr_enabled":"","_tec_slr_layout":""},"tags":[],"tribe_events_cat":[28],"class_list":["post-10669","tribe_events","type-tribe_events","status-publish","has-post-thumbnail","hentry","tribe_events_cat-semana-del-seguro-2025","cat_semana-del-seguro-2025"],"ticketed":["rsvp"],"_links":{"self":[{"href":"https:\/\/intecap.edu.gt\/semanadelseguro\/wp-json\/wp\/v2\/tribe_events\/10669","targetHints":{"allow":["GET"]}}],"collection":[{"href":"https:\/\/intecap.edu.gt\/semanadelseguro\/wp-json\/wp\/v2\/tribe_events"}],"about":[{"href":"https:\/\/intecap.edu.gt\/semanadelseguro\/wp-json\/wp\/v2\/types\/tribe_events"}],"author":[{"embeddable":true,"href":"https:\/\/intecap.edu.gt\/semanadelseguro\/wp-json\/wp\/v2\/users\/6"}],"version-history":[{"count":3,"href":"https:\/\/intecap.edu.gt\/semanadelseguro\/wp-json\/wp\/v2\/tribe_events\/10669\/revisions"}],"predecessor-version":[{"id":24334,"href":"https:\/\/intecap.edu.gt\/semanadelseguro\/wp-json\/wp\/v2\/tribe_events\/10669\/revisions\/24334"}],"wp:featuredmedia":[{"embeddable":true,"href":"https:\/\/intecap.edu.gt\/semanadelseguro\/wp-json\/wp\/v2\/media\/20134"}],"wp:attachment":[{"href":"https:\/\/intecap.edu.gt\/semanadelseguro\/wp-json\/wp\/v2\/media?parent=10669"}],"wp:term":[{"taxonomy":"post_tag","embeddable":true,"href":"https:\/\/intecap.edu.gt\/semanadelseguro\/wp-json\/wp\/v2\/tags?post=10669"},{"taxonomy":"tribe_events_cat","embeddable":true,"href":"https:\/\/intecap.edu.gt\/semanadelseguro\/wp-json\/wp\/v2\/tribe_events_cat?post=10669"}],"curies":[{"name":"wp","href":"https:\/\/api.w.org\/{rel}","templated":true}]}}

<p><a href="https://us02web.zoom.us/webinar/register/WN_NTVWVK17TqW4X3ZGTKyDug" target="_blank" rel="noopener"><img decoding="async" class="aligncenter wp-image-24323 size-medium" src="https://intecap.edu.gt/semanadelseguro/wp-content/uploads/2025/05/botonzoom-1-300x107.png" alt="" width="300" height="107" srcset="https://intecap.edu.gt/semanadelseguro/wp-content/uploads/2025/05/botonzoom-1-300x107.png 300w, https://intecap.edu.gt/semanadelseguro/wp-content/uploads/2025/05/botonzoom-1.png 400w" sizes="(max-width: 300px) 100vw, 300px" /></a></p>
<h3>Conferencista: Horst Agata</h3>
<p>Horst Agata, nacido en Oberhausen (Alemania), hizo sus estudios de Economía y Matemáticas en las universidades de Duisburgo y Madrid. En 1991 empezó a trabajar como Trainee en la AMB (uno de los grupos financieros más grandes de Alemania, hoy Generali). Ha impartido muchas conferencias sobre diferentes temas de seguro y reaseguro en varios países de Latinoamérica y en España. También tuvo la oportunidad de ser responsable de algunos seminarios sobre seguro y reaseguro para Gen Re y para diferentes instituciones aseguradoras dentro de región latinoamericana.</p>
<p>Durante el congreso de FIDES realizado en Caracas Venezuela en 2005, Horst Agata fue nombrado por la “Revista Mexicana de Seguros”, uno de los 50 personajes que han forjado el seguro en México.</p>
<p>En mayo de 2014, recibió por parte de la revista Reactions, el premio por ser la persona más influyente dentro del sector asegurador de Latino América.</p>
<p>En abril 2016 fue, postulado a la medalla al mérito reasegurador en Santa Fe de Bogotá (Colombia).</p>
<p>Desde enero 2016 hasta agosto 2025, Horst Agata ha sido presidente del Comité de Reaseguro dentro de la Asociación Mexicana de Instituciones de Seguros (AMIS), hoy día es presidente de dicha asociación.</p>
<p style="text-align: right;"><a href="/semanadelseguro/expositores/">Conoce todos los conferencistas &gt;</a></p>

<p>Conferencista: Horst Agata</p>
<p>Horst Agata, nacido en Oberhausen (Alemania), hizo sus estudios de Economía y Matemáticas en las universidades de Duisburgo y Madrid. En 1991 empezó a trabajar como Trainee en la AMB (uno de los grupos financieros más grandes de Alemania, hoy Generali). Ha impartido muchas conferencias sobre diferentes temas de seguro y reaseguro en varios países de Latinoamérica y en España. También tuvo la oportunidad de ser responsable de algunos seminarios sobre seguro y reaseguro para Gen Re y para diferentes instituciones aseguradoras dentro de región latinoamericana.</p>
<p>Durante el congreso de FIDES realizado en Caracas Venezuela en 2005, Horst Agata fue nombrado por la “Revista Mexicana de Seguros”, uno de los 50 personajes que han forjado el seguro en México.</p>
<p>En mayo de 2014, recibió por parte de la revista Reactions, el premio por ser la persona más influyente dentro del sector asegurador de Latino América.</p>
<p>En abril 2016 fue, postulado a la medalla al mérito reasegurador en Santa Fe de Bogotá (Colombia).</p>
<p>Desde enero 2016 hasta agosto 2025, Horst Agata ha sido presidente del Comité de Reaseguro dentro de la Asociación Mexicana de Instituciones de Seguros (AMIS), hoy día es presidente de dicha asociación.</p>
