{"id":6742,"date":"2025-05-17T22:44:36","date_gmt":"2025-05-18T04:44:36","guid":{"rendered":"https:\/\/menjivar.info\/semanadelseguro\/?post_type=tribe_events&#038;p=6742"},"modified":"2025-06-05T20:37:00","modified_gmt":"2025-06-06T02:37:00","slug":"valor-en-seguro","status":"publish","type":"tribe_events","link":"https:\/\/intecap.edu.gt\/semanadelseguro\/conferencia\/valor-en-seguro\/","title":{"rendered":"Valor en seguro"},"content":{"rendered":"<h3><a href=\"https:\/\/us02web.zoom.us\/webinar\/register\/WN_KY783u8jRgaQ3HUlpPrLdw\" target=\"_blank\" rel=\"noopener\"><img decoding=\"async\" class=\"aligncenter wp-image-24323 size-medium\" src=\"https:\/\/intecap.edu.gt\/semanadelseguro\/wp-content\/uploads\/2025\/05\/botonzoom-1-300x107.png\" alt=\"\" width=\"300\" height=\"107\" srcset=\"https:\/\/intecap.edu.gt\/semanadelseguro\/wp-content\/uploads\/2025\/05\/botonzoom-1-300x107.png 300w, https:\/\/intecap.edu.gt\/semanadelseguro\/wp-content\/uploads\/2025\/05\/botonzoom-1.png 400w\" sizes=\"(max-width: 300px) 100vw, 300px\" \/><\/a><\/h3>\n<h3>Conferencista: Dr. Roberto Deglinnocenti<\/h3>\n<p>Actualmente Miembro del Consejo de Administraci\u00f3n de Aseguradora General, S.A. (Guatemala). A\u00f1o 1996 al 2016 Manager de Tratados de Reaseguro de Grupo Generali, para Am\u00e9rica Latina. En el 2016 Premio del Mejor Logro de Reactions Magazine. Coordinador Grupo Microseguros BID Washington. 1989 al 1995 Director General de la Unione Italiana para Am\u00e9rica Latina, Venezuela. Asistente a la C\u00e1tedra de Derecho Penal en Firenze.<\/p>\n<p style=\"text-align: right;\"><a href=\"\/semanadelseguro\/expositores\/\">Conoce todos los conferencistas &gt;<\/a><\/p>\n","protected":false},"excerpt":{"rendered":"<p>Conferencista: Dr. Roberto Deglinnocenti<\/p>\n<p>Actualmente Miembro del Consejo de Administraci\u00f3n de Aseguradora General, S.A. (Guatemala). A\u00f1o 1996 al 2016 Manager de Tratados de Reaseguro de Grupo Generali, para Am\u00e9rica Latina. En el 2016 Premio del Mejor Logro de Reactions Magazine. Coordinador Grupo Microseguros BID Washington. 1989 al 1995 Director General de la Unione Italiana para Am\u00e9rica Latina, Venezuela. Asistente a la C\u00e1tedra de Derecho Penal en Firenze.<\/p>\n","protected":false},"author":1,"featured_media":19507,"template":"","meta":{"_price":"","_stock":"","_tribe_ticket_header":"","_tribe_default_ticket_provider":"","_tribe_ticket_capacity":"0","_ticket_start_date":"","_ticket_end_date":"","_tribe_ticket_show_description":"","_tribe_ticket_show_not_going":false,"_tribe_ticket_use_global_stock":"","_tribe_ticket_global_stock_level":"","_global_stock_mode":"","_global_stock_cap":"","_tribe_rsvp_for_event":"","_tribe_ticket_going_count":"","_tribe_ticket_not_going_count":"","_tribe_tickets_list":"[]","_tribe_ticket_has_attendee_info_fields":false,"_tribe_events_status":"","_tribe_events_status_reason":"","footnotes":"","_tec_slr_enabled":"","_tec_slr_layout":""},"tags":[],"tribe_events_cat":[28],"class_list":["post-6742","tribe_events","type-tribe_events","status-publish","has-post-thumbnail","hentry","tribe_events_cat-semana-del-seguro-2025","cat_semana-del-seguro-2025"],"ticketed":["rsvp"],"_links":{"self":[{"href":"https:\/\/intecap.edu.gt\/semanadelseguro\/wp-json\/wp\/v2\/tribe_events\/6742","targetHints":{"allow":["GET"]}}],"collection":[{"href":"https:\/\/intecap.edu.gt\/semanadelseguro\/wp-json\/wp\/v2\/tribe_events"}],"about":[{"href":"https:\/\/intecap.edu.gt\/semanadelseguro\/wp-json\/wp\/v2\/types\/tribe_events"}],"author":[{"embeddable":true,"href":"https:\/\/intecap.edu.gt\/semanadelseguro\/wp-json\/wp\/v2\/users\/1"}],"version-history":[{"count":4,"href":"https:\/\/intecap.edu.gt\/semanadelseguro\/wp-json\/wp\/v2\/tribe_events\/6742\/revisions"}],"predecessor-version":[{"id":33564,"href":"https:\/\/intecap.edu.gt\/semanadelseguro\/wp-json\/wp\/v2\/tribe_events\/6742\/revisions\/33564"}],"wp:featuredmedia":[{"embeddable":true,"href":"https:\/\/intecap.edu.gt\/semanadelseguro\/wp-json\/wp\/v2\/media\/19507"}],"wp:attachment":[{"href":"https:\/\/intecap.edu.gt\/semanadelseguro\/wp-json\/wp\/v2\/media?parent=6742"}],"wp:term":[{"taxonomy":"post_tag","embeddable":true,"href":"https:\/\/intecap.edu.gt\/semanadelseguro\/wp-json\/wp\/v2\/tags?post=6742"},{"taxonomy":"tribe_events_cat","embeddable":true,"href":"https:\/\/intecap.edu.gt\/semanadelseguro\/wp-json\/wp\/v2\/tribe_events_cat?post=6742"}],"curies":[{"name":"wp","href":"https:\/\/api.w.org\/{rel}","templated":true}]}}

<h3><a href="https://us02web.zoom.us/webinar/register/WN_KY783u8jRgaQ3HUlpPrLdw" target="_blank" rel="noopener"><img decoding="async" class="aligncenter wp-image-24323 size-medium" src="https://intecap.edu.gt/semanadelseguro/wp-content/uploads/2025/05/botonzoom-1-300x107.png" alt="" width="300" height="107" srcset="https://intecap.edu.gt/semanadelseguro/wp-content/uploads/2025/05/botonzoom-1-300x107.png 300w, https://intecap.edu.gt/semanadelseguro/wp-content/uploads/2025/05/botonzoom-1.png 400w" sizes="(max-width: 300px) 100vw, 300px" /></a></h3>
<h3>Conferencista: Dr. Roberto Deglinnocenti</h3>
<p>Actualmente Miembro del Consejo de Administración de Aseguradora General, S.A. (Guatemala). Año 1996 al 2016 Manager de Tratados de Reaseguro de Grupo Generali, para América Latina. En el 2016 Premio del Mejor Logro de Reactions Magazine. Coordinador Grupo Microseguros BID Washington. 1989 al 1995 Director General de la Unione Italiana para América Latina, Venezuela. Asistente a la Cátedra de Derecho Penal en Firenze.</p>
<p style="text-align: right;"><a href="/semanadelseguro/expositores/">Conoce todos los conferencistas &gt;</a></p>

<p>Conferencista: Dr. Roberto Deglinnocenti</p>
<p>Actualmente Miembro del Consejo de Administración de Aseguradora General, S.A. (Guatemala). Año 1996 al 2016 Manager de Tratados de Reaseguro de Grupo Generali, para América Latina. En el 2016 Premio del Mejor Logro de Reactions Magazine. Coordinador Grupo Microseguros BID Washington. 1989 al 1995 Director General de la Unione Italiana para América Latina, Venezuela. Asistente a la Cátedra de Derecho Penal en Firenze.</p>
