{"id":6826,"date":"2025-05-18T08:04:40","date_gmt":"2025-05-18T14:04:40","guid":{"rendered":"https:\/\/menjivar.info\/semanadelseguro\/?post_type=tribe_events&#038;p=6826"},"modified":"2025-06-03T21:09:56","modified_gmt":"2025-06-04T03:09:56","slug":"administracion-de-riesgos","status":"publish","type":"tribe_events","link":"https:\/\/intecap.edu.gt\/semanadelseguro\/conferencia\/administracion-de-riesgos\/","title":{"rendered":"Administraci\u00f3n de Riesgos"},"content":{"rendered":"<h3><a href=\"https:\/\/us02web.zoom.us\/webinar\/register\/WN_gcCSZfWJR4-jzLVDyPg0Hw\" target=\"_blank\" rel=\"noopener\"><img decoding=\"async\" class=\"aligncenter wp-image-24323 size-medium\" src=\"https:\/\/intecap.edu.gt\/semanadelseguro\/wp-content\/uploads\/2025\/05\/botonzoom-1-300x107.png\" alt=\"\" width=\"300\" height=\"107\" srcset=\"https:\/\/intecap.edu.gt\/semanadelseguro\/wp-content\/uploads\/2025\/05\/botonzoom-1-300x107.png 300w, https:\/\/intecap.edu.gt\/semanadelseguro\/wp-content\/uploads\/2025\/05\/botonzoom-1.png 400w\" sizes=\"(max-width: 300px) 100vw, 300px\" \/><\/a><\/h3>\n<h3>Conferencista: Ing. Marlon Fernando Lira<\/h3>\n<p>Ingeniero Mec\u00e1nico Industrial con M\u00e1ster Administraci\u00f3n Financiera y m\u00faltiples estudios en Administraci\u00f3n de Riesgos. Fundador y Director de la firma GPI Consulting Services, S.A. Ha prestado servicios de consultor\u00eda en Administraci\u00f3n de Riesgos en el sector industrial y mercados de seguros y reaseguro desde el a\u00f1o 1999, en Centro Am\u00e9rica, Suram\u00e9rica, M\u00e9xico y Caribe.<\/p>\n<p style=\"text-align: right;\"><a href=\"\/semanadelseguro\/expositores\/\">Conoce todos los conferencistas &gt;<\/a><\/p>\n","protected":false},"excerpt":{"rendered":"<p>Conferencista: Ing. Marlon Fernando Lira<\/p>\n<p>Ingeniero Mec\u00e1nico Industrial con M\u00e1ster Administraci\u00f3n Financiera y m\u00faltiples estudios en Administraci\u00f3n de Riesgos. Fundador y Director de la firma GPI Consulting Services, S.A. Ha prestado servicios de consultor\u00eda en Administraci\u00f3n de Riesgos en el sector industrial y mercados de seguros y reaseguro desde el a\u00f1o 1999, en Centro Am\u00e9rica, Suram\u00e9rica, M\u00e9xico y Caribe.<\/p>\n","protected":false},"author":1,"featured_media":17081,"template":"","meta":{"_price":"","_stock":"","_tribe_ticket_header":"","_tribe_default_ticket_provider":"","_tribe_ticket_capacity":"0","_ticket_start_date":"","_ticket_end_date":"","_tribe_ticket_show_description":"","_tribe_ticket_show_not_going":false,"_tribe_ticket_use_global_stock":"","_tribe_ticket_global_stock_level":"","_global_stock_mode":"","_global_stock_cap":"","_tribe_rsvp_for_event":"","_tribe_ticket_going_count":"","_tribe_ticket_not_going_count":"","_tribe_tickets_list":"[]","_tribe_ticket_has_attendee_info_fields":false,"_tribe_events_status":"","_tribe_events_status_reason":"","footnotes":"","_tec_slr_enabled":"","_tec_slr_layout":""},"tags":[],"tribe_events_cat":[28],"class_list":["post-6826","tribe_events","type-tribe_events","status-publish","has-post-thumbnail","hentry","tribe_events_cat-semana-del-seguro-2025","cat_semana-del-seguro-2025"],"ticketed":["rsvp"],"_links":{"self":[{"href":"https:\/\/intecap.edu.gt\/semanadelseguro\/wp-json\/wp\/v2\/tribe_events\/6826","targetHints":{"allow":["GET"]}}],"collection":[{"href":"https:\/\/intecap.edu.gt\/semanadelseguro\/wp-json\/wp\/v2\/tribe_events"}],"about":[{"href":"https:\/\/intecap.edu.gt\/semanadelseguro\/wp-json\/wp\/v2\/types\/tribe_events"}],"author":[{"embeddable":true,"href":"https:\/\/intecap.edu.gt\/semanadelseguro\/wp-json\/wp\/v2\/users\/1"}],"version-history":[{"count":7,"href":"https:\/\/intecap.edu.gt\/semanadelseguro\/wp-json\/wp\/v2\/tribe_events\/6826\/revisions"}],"predecessor-version":[{"id":31038,"href":"https:\/\/intecap.edu.gt\/semanadelseguro\/wp-json\/wp\/v2\/tribe_events\/6826\/revisions\/31038"}],"wp:featuredmedia":[{"embeddable":true,"href":"https:\/\/intecap.edu.gt\/semanadelseguro\/wp-json\/wp\/v2\/media\/17081"}],"wp:attachment":[{"href":"https:\/\/intecap.edu.gt\/semanadelseguro\/wp-json\/wp\/v2\/media?parent=6826"}],"wp:term":[{"taxonomy":"post_tag","embeddable":true,"href":"https:\/\/intecap.edu.gt\/semanadelseguro\/wp-json\/wp\/v2\/tags?post=6826"},{"taxonomy":"tribe_events_cat","embeddable":true,"href":"https:\/\/intecap.edu.gt\/semanadelseguro\/wp-json\/wp\/v2\/tribe_events_cat?post=6826"}],"curies":[{"name":"wp","href":"https:\/\/api.w.org\/{rel}","templated":true}]}}

Administración de Riesgos

<h3><a href="https://us02web.zoom.us/webinar/register/WN_gcCSZfWJR4-jzLVDyPg0Hw" target="_blank" rel="noopener"><img decoding="async" class="aligncenter wp-image-24323 size-medium" src="https://intecap.edu.gt/semanadelseguro/wp-content/uploads/2025/05/botonzoom-1-300x107.png" alt="" width="300" height="107" srcset="https://intecap.edu.gt/semanadelseguro/wp-content/uploads/2025/05/botonzoom-1-300x107.png 300w, https://intecap.edu.gt/semanadelseguro/wp-content/uploads/2025/05/botonzoom-1.png 400w" sizes="(max-width: 300px) 100vw, 300px" /></a></h3>
<h3>Conferencista: Ing. Marlon Fernando Lira</h3>
<p>Ingeniero Mecánico Industrial con Máster Administración Financiera y múltiples estudios en Administración de Riesgos. Fundador y Director de la firma GPI Consulting Services, S.A. Ha prestado servicios de consultoría en Administración de Riesgos en el sector industrial y mercados de seguros y reaseguro desde el año 1999, en Centro América, Suramérica, México y Caribe.</p>
<p style="text-align: right;"><a href="/semanadelseguro/expositores/">Conoce todos los conferencistas &gt;</a></p>

<p>Conferencista: Ing. Marlon Fernando Lira</p>
<p>Ingeniero Mecánico Industrial con Máster Administración Financiera y múltiples estudios en Administración de Riesgos. Fundador y Director de la firma GPI Consulting Services, S.A. Ha prestado servicios de consultoría en Administración de Riesgos en el sector industrial y mercados de seguros y reaseguro desde el año 1999, en Centro América, Suramérica, México y Caribe.</p>
