{"id":6881,"date":"2025-05-18T10:42:47","date_gmt":"2025-05-18T16:42:47","guid":{"rendered":"https:\/\/menjivar.info\/semanadelseguro\/?post_type=tribe_events&#038;p=6881"},"modified":"2025-06-04T18:29:55","modified_gmt":"2025-06-05T00:29:55","slug":"el-contrato-de-reaseguro-despues-pandemia","status":"publish","type":"tribe_events","link":"https:\/\/intecap.edu.gt\/semanadelseguro\/conferencia\/el-contrato-de-reaseguro-despues-pandemia\/","title":{"rendered":"El contrato de Reaseguro despu\u00e9s Pandemia"},"content":{"rendered":"<h3><a href=\"https:\/\/us02web.zoom.us\/webinar\/register\/WN_psH_J876SpKv3QnhgzYQag\" target=\"_blank\" rel=\"noopener\"><img decoding=\"async\" class=\"aligncenter wp-image-24323 size-medium\" src=\"https:\/\/intecap.edu.gt\/semanadelseguro\/wp-content\/uploads\/2025\/05\/botonzoom-1-300x107.png\" alt=\"\" width=\"300\" height=\"107\" srcset=\"https:\/\/intecap.edu.gt\/semanadelseguro\/wp-content\/uploads\/2025\/05\/botonzoom-1-300x107.png 300w, https:\/\/intecap.edu.gt\/semanadelseguro\/wp-content\/uploads\/2025\/05\/botonzoom-1.png 400w\" sizes=\"(max-width: 300px) 100vw, 300px\" \/><\/a><\/h3>\n<h3>Conferencista: Lic. Felipe Gomez Gomez<\/h3>\n<p>Tecn\u00f3logo administrador de seguros, abogado, especialista en derecho administrativo, cuenta con 35 a\u00f1os de experiencia en seguros y reaseguros; trabaj\u00f3 como auditor t\u00e9cnico en Seguros Confianza S.A, gerente t\u00e9cnico en Seguros Alfa S.A, Deputy country manager el xl re lat\u00edn am\u00e9rica y actualmente, labora como Surety Underwriter latin America, en Global Reinsurance Br\u00f3ker.<\/p>\n<p style=\"text-align: right;\"><a href=\"\/semanadelseguro\/expositores\/\">Conoce todos los conferencistas &gt;<\/a><\/p>\n","protected":false},"excerpt":{"rendered":"<p>Conferencista: Lic. Felipe Gomez Gomez<\/p>\n<p>Tecn\u00f3logo administrador de seguros, abogado, especialista en derecho administrativo, cuenta con 35 a\u00f1os de experiencia en seguros y reaseguros; trabaj\u00f3 como auditor t\u00e9cnico en Seguros Confianza S.A, gerente t\u00e9cnico en Seguros Alfa S.A, Deputy country manager el xl re lat\u00edn am\u00e9rica y actualmente, labora como Surety Underwriter latin America, en Global Reinsurance Br\u00f3ker.<\/p>\n","protected":false},"author":1,"featured_media":19326,"template":"","meta":{"_price":"","_stock":"","_tribe_ticket_header":"","_tribe_default_ticket_provider":"","_tribe_ticket_capacity":"0","_ticket_start_date":"","_ticket_end_date":"","_tribe_ticket_show_description":"","_tribe_ticket_show_not_going":false,"_tribe_ticket_use_global_stock":"","_tribe_ticket_global_stock_level":"","_global_stock_mode":"","_global_stock_cap":"","_tribe_rsvp_for_event":"","_tribe_ticket_going_count":"","_tribe_ticket_not_going_count":"","_tribe_tickets_list":"[]","_tribe_ticket_has_attendee_info_fields":false,"_tribe_events_status":"","_tribe_events_status_reason":"","footnotes":"","_tec_slr_enabled":"","_tec_slr_layout":""},"tags":[],"tribe_events_cat":[28],"class_list":["post-6881","tribe_events","type-tribe_events","status-publish","has-post-thumbnail","hentry","tribe_events_cat-semana-del-seguro-2025","cat_semana-del-seguro-2025"],"ticketed":["rsvp"],"_links":{"self":[{"href":"https:\/\/intecap.edu.gt\/semanadelseguro\/wp-json\/wp\/v2\/tribe_events\/6881","targetHints":{"allow":["GET"]}}],"collection":[{"href":"https:\/\/intecap.edu.gt\/semanadelseguro\/wp-json\/wp\/v2\/tribe_events"}],"about":[{"href":"https:\/\/intecap.edu.gt\/semanadelseguro\/wp-json\/wp\/v2\/types\/tribe_events"}],"author":[{"embeddable":true,"href":"https:\/\/intecap.edu.gt\/semanadelseguro\/wp-json\/wp\/v2\/users\/1"}],"version-history":[{"count":4,"href":"https:\/\/intecap.edu.gt\/semanadelseguro\/wp-json\/wp\/v2\/tribe_events\/6881\/revisions"}],"predecessor-version":[{"id":32386,"href":"https:\/\/intecap.edu.gt\/semanadelseguro\/wp-json\/wp\/v2\/tribe_events\/6881\/revisions\/32386"}],"wp:featuredmedia":[{"embeddable":true,"href":"https:\/\/intecap.edu.gt\/semanadelseguro\/wp-json\/wp\/v2\/media\/19326"}],"wp:attachment":[{"href":"https:\/\/intecap.edu.gt\/semanadelseguro\/wp-json\/wp\/v2\/media?parent=6881"}],"wp:term":[{"taxonomy":"post_tag","embeddable":true,"href":"https:\/\/intecap.edu.gt\/semanadelseguro\/wp-json\/wp\/v2\/tags?post=6881"},{"taxonomy":"tribe_events_cat","embeddable":true,"href":"https:\/\/intecap.edu.gt\/semanadelseguro\/wp-json\/wp\/v2\/tribe_events_cat?post=6881"}],"curies":[{"name":"wp","href":"https:\/\/api.w.org\/{rel}","templated":true}]}}

El contrato de Reaseguro después Pandemia

<h3><a href="https://us02web.zoom.us/webinar/register/WN_psH_J876SpKv3QnhgzYQag" target="_blank" rel="noopener"><img decoding="async" class="aligncenter wp-image-24323 size-medium" src="https://intecap.edu.gt/semanadelseguro/wp-content/uploads/2025/05/botonzoom-1-300x107.png" alt="" width="300" height="107" srcset="https://intecap.edu.gt/semanadelseguro/wp-content/uploads/2025/05/botonzoom-1-300x107.png 300w, https://intecap.edu.gt/semanadelseguro/wp-content/uploads/2025/05/botonzoom-1.png 400w" sizes="(max-width: 300px) 100vw, 300px" /></a></h3>
<h3>Conferencista: Lic. Felipe Gomez Gomez</h3>
<p>Tecnólogo administrador de seguros, abogado, especialista en derecho administrativo, cuenta con 35 años de experiencia en seguros y reaseguros; trabajó como auditor técnico en Seguros Confianza S.A, gerente técnico en Seguros Alfa S.A, Deputy country manager el xl re latín américa y actualmente, labora como Surety Underwriter latin America, en Global Reinsurance Bróker.</p>
<p style="text-align: right;"><a href="/semanadelseguro/expositores/">Conoce todos los conferencistas &gt;</a></p>

<p>Conferencista: Lic. Felipe Gomez Gomez</p>
<p>Tecnólogo administrador de seguros, abogado, especialista en derecho administrativo, cuenta con 35 años de experiencia en seguros y reaseguros; trabajó como auditor técnico en Seguros Confianza S.A, gerente técnico en Seguros Alfa S.A, Deputy country manager el xl re latín américa y actualmente, labora como Surety Underwriter latin America, en Global Reinsurance Bróker.</p>
