{"id":5350,"date":"2026-04-27T14:46:07","date_gmt":"2026-04-27T14:46:07","guid":{"rendered":"https:\/\/intecap.edu.gt\/worldskillsguatemala\/?page_id=5350"},"modified":"2026-04-27T18:14:26","modified_gmt":"2026-04-27T18:14:26","slug":"edicion2025","status":"publish","type":"page","link":"https:\/\/intecap.edu.gt\/worldskillsguatemala\/edicion2025\/","title":{"rendered":"Participaci\u00f3n INTECAP Edici\u00f3n 2025 WorldSkills Americas"},"content":{"rendered":"<p>[et_pb_section fb_built=\u00bb1&#8243; custom_padding_last_edited=\u00bbon|phone\u00bb next_background_color=\u00bb#ffffff\u00bb admin_label=\u00bbHeader\u00bb _builder_version=\u00bb4.27.4&#8243; background_color=\u00bb#e2e2e2&#8243; use_background_color_gradient=\u00bbon\u00bb background_color_gradient_direction=\u00bb178deg\u00bb background_color_gradient_stops=\u00bb#09113f 9%|rgba(0,255,195,0.22) 81%\u00bb background_color_gradient_overlays_image=\u00bbon\u00bb background_image=\u00bbhttps:\/\/intecap.edu.gt\/worldskillsguatemala\/wp-content\/uploads\/2026\/04\/JJR_6234-scaled.jpg\u00bb parallax=\u00bbon\u00bb parallax_method=\u00bboff\u00bb background_blend=\u00bbdarken\u00bb background_enable_video_mp4=\u00bboff\u00bb background_enable_pattern_style=\u00bbon\u00bb background_pattern_style=\u00bbdiagonal-stripes-2&#8243; overflow-x=\u00bbhidden\u00bb overflow-y=\u00bbhidden\u00bb custom_padding=\u00bb40px||114px||false|false\u00bb custom_padding_tablet=\u00bb40px||||false|false\u00bb custom_padding_phone=\u00bb40px||||false|false\u00bb bottom_divider_style=\u00bbwaves2&#8243; locked=\u00bboff\u00bb collapsed=\u00bbon\u00bb global_colors_info=\u00bb{%22gcid-1bcf785a-50e1-437b-b09f-65567babc1de%22:%91%22background_color%22,%22background_color_gradient_stops%22%93}\u00bb][et_pb_row column_structure=\u00bb1_4,3_4&#8243; _builder_version=\u00bb4.21.0&#8243; _module_preset=\u00bbdefault\u00bb custom_padding=\u00bb17px|||||\u00bb global_colors_info=\u00bb{}\u00bb][et_pb_column type=\u00bb1_4&#8243; _builder_version=\u00bb4.21.0&#8243; _module_preset=\u00bbdefault\u00bb global_colors_info=\u00bb{}\u00bb][et_pb_image src=\u00bbhttps:\/\/intecap.edu.gt\/worldskillsguatemala\/wp-content\/uploads\/2025\/07\/Wskills-Guatemala.png\u00bb title_text=\u00bbWskills Guatemala\u00bb _builder_version=\u00bb4.27.0&#8243; _module_preset=\u00bbdefault\u00bb max_width=\u00bb66%\u00bb global_colors_info=\u00bb{}\u00bb][\/et_pb_image][\/et_pb_column][et_pb_column type=\u00bb3_4&#8243; _builder_version=\u00bb4.21.0&#8243; _module_preset=\u00bbdefault\u00bb global_colors_info=\u00bb{}\u00bb][et_pb_divider _builder_version=\u00bb4.21.0&#8243; _module_preset=\u00bbdefault\u00bb custom_margin=\u00bb||3px|||\u00bb global_colors_info=\u00bb{}\u00bb][\/et_pb_divider][et_pb_text _builder_version=\u00bb4.21.0&#8243; _module_preset=\u00bbdefault\u00bb header_font=\u00bbInria Sans||||||||\u00bb header_text_color=\u00bb#FFFFFF\u00bb header_font_size=\u00bb50px\u00bb custom_margin=\u00bb||15px|||\u00bb global_colors_info=\u00bb{}\u00bb]<\/p>\n<h1>Participaci\u00f3n INTECAP Guatemala en Santiago de Chile 2025<\/h1>\n<p>[\/et_pb_text][et_pb_divider _builder_version=\u00bb4.21.0&#8243; _module_preset=\u00bbdefault\u00bb global_colors_info=\u00bb{}\u00bb][\/et_pb_divider][\/et_pb_column][\/et_pb_row][\/et_pb_section][et_pb_section fb_built=\u00bb1&#8243; _builder_version=\u00bb4.21.0&#8243; _module_preset=\u00bbdefault\u00bb custom_padding=\u00bb||13px|||\u00bb global_colors_info=\u00bb{}\u00bb][et_pb_row _builder_version=\u00bb4.21.0&#8243; _module_preset=\u00bbdefault\u00bb global_colors_info=\u00bb{}\u00bb][et_pb_column type=\u00bb4_4&#8243; _builder_version=\u00bb4.21.0&#8243; _module_preset=\u00bbdefault\u00bb global_colors_info=\u00bb{}\u00bb][et_pb_text _builder_version=\u00bb4.27.4&#8243; _module_preset=\u00bbdefault\u00bb header_font=\u00bbMontserrat|600|||||||\u00bb header_text_align=\u00bbcenter\u00bb hover_enabled=\u00bb0&#8243; global_colors_info=\u00bb{}\u00bb sticky_enabled=\u00bb0&#8243;]<\/p>\n<h1>\u00a1Guatemala brilla enWorldSkills Americas 2025!<\/h1>\n<p>[\/et_pb_text][\/et_pb_column][\/et_pb_row][et_pb_row _builder_version=\u00bb4.21.0&#8243; _module_preset=\u00bbdefault\u00bb global_colors_info=\u00bb{}\u00bb][et_pb_column type=\u00bb4_4&#8243; _builder_version=\u00bb4.21.0&#8243; _module_preset=\u00bbdefault\u00bb global_colors_info=\u00bb{}\u00bb][et_pb_text _builder_version=\u00bb4.27.4&#8243; _module_preset=\u00bbdefault\u00bb hover_enabled=\u00bb0&#8243; global_colors_info=\u00bb{}\u00bb sticky_enabled=\u00bb0&#8243;]<\/p>\n<p>Intecap puso en alto el nombre de Guatemala de manera sobresaliente en la competencia de habilidades m\u00e1s importantes del continente: WorldSkills Americas 2025, en Santiago de Chile. Este evento reuni\u00f3 a j\u00f3venes talentosos, l\u00edderes del sector industrial, educativo y p\u00fablico de las Am\u00e9ricas y el Caribe, promoviendo la formaci\u00f3n t\u00e9cnica profesional y vocacional.<\/p>\n<p>[\/et_pb_text][\/et_pb_column][\/et_pb_row][et_pb_row _builder_version=\u00bb4.27.4&#8243; _module_preset=\u00bbdefault\u00bb hover_enabled=\u00bb0&#8243; global_colors_info=\u00bb{}\u00bb width=\u00bb71%\u00bb max_width=\u00bb903px\u00bb sticky_enabled=\u00bb0&#8243;][et_pb_column type=\u00bb4_4&#8243; _builder_version=\u00bb4.21.0&#8243; _module_preset=\u00bbdefault\u00bb global_colors_info=\u00bb{}\u00bb][et_pb_gallery gallery_ids=\u00bb4808,4799,4798,4801,4803,4804,4810,4811,4821,4813,5362,5363&#8243; posts_number=\u00bb15&#8243; _builder_version=\u00bb4.27.4&#8243; _module_preset=\u00bbdefault\u00bb hover_enabled=\u00bb0&#8243; global_colors_info=\u00bb{}\u00bb sticky_enabled=\u00bb0&#8243;][\/et_pb_gallery][\/et_pb_column][\/et_pb_row][et_pb_row _builder_version=\u00bb4.21.0&#8243; _module_preset=\u00bbdefault\u00bb custom_padding=\u00bb||8px|||\u00bb global_colors_info=\u00bb{}\u00bb][et_pb_column type=\u00bb4_4&#8243; _builder_version=\u00bb4.21.0&#8243; _module_preset=\u00bbdefault\u00bb global_colors_info=\u00bb{}\u00bb][et_pb_text _builder_version=\u00bb4.27.4&#8243; _module_preset=\u00bbdefault\u00bb hover_enabled=\u00bb0&#8243; global_colors_info=\u00bb{}\u00bb sticky_enabled=\u00bb0&#8243;]<\/p>\n<h6 style=\"text-align: justify;\">En ese a\u00f1o, la competencia destac\u00f3 por la incorporaci\u00f3n de nuevas habilidades alineadas con las demandas del mercado laboral, como Tecnolog\u00eda Optoelectr\u00f3nica, Industria 4.0, Mecanizados CNC y Sistemas de Energ\u00edas Renovables, fomentando la innovaci\u00f3n y el trabajo en equipo.<\/h6>\n<h6><\/h6>\n<h6>Nuestra delegaci\u00f3n compiti\u00f3 en las siguientes especialidades:<\/h6>\n<ul>\n<li>\n<h6><strong>Mecatr\u00f3nica<\/strong><\/h6>\n<\/li>\n<li>\n<h6><strong>Fresado CNC<\/strong><\/h6>\n<\/li>\n<li>\n<h6><strong>Torneado CNC<\/strong><\/h6>\n<\/li>\n<li>\n<h6><strong>Soldadura<\/strong><strong><\/strong><strong><\/strong><\/h6>\n<\/li>\n<li>\n<h6><strong>Tecnolog\u00eda automotriz<\/strong><\/h6>\n<\/li>\n<li>\n<h6><strong>Redes de cableado estructurado<\/strong><\/h6>\n<\/li>\n<li>\n<h6><strong>Sistemas de energ\u00edas renovables<\/strong><\/h6>\n<\/li>\n<li>\n<h6><strong>Instalaciones el\u00e9ctricas<\/strong><\/h6>\n<\/li>\n<li>\n<h6><strong>Control industrial<\/strong><\/h6>\n<\/li>\n<li>\n<h6><strong>Cocina\u00a0<\/strong><\/h6>\n<\/li>\n<li>\n<h6><strong>Reposter\u00eda<\/strong><\/h6>\n<\/li>\n<\/ul>\n<h6><strong><\/strong><\/h6>\n<h6><strong><\/strong><\/h6>\n<p>&nbsp;<\/p>\n<p>[\/et_pb_text][et_pb_text _builder_version=\u00bb4.27.4&#8243; _module_preset=\u00bbdefault\u00bb hover_enabled=\u00bb0&#8243; sticky_enabled=\u00bb0&#8243;]<\/p>\n<h3><strong>Conoce a nuestros medallistas<\/strong><\/h3>\n<h6><strong><\/strong><\/h6>\n<blockquote>\n<h5><em><strong>Medallas de Oro<\/strong><\/em><\/h5>\n<\/blockquote>\n<h6><strong><\/strong><\/h6>\n<h6>En instalaciones el\u00e9ctricas por Cristofer Garc\u00eda representante del Centro de Capacitaci\u00f3n Escuintla 1 y en cableado de redes por Cristian Ul\u00edn representante del Centro de Capacitaci\u00f3n Intecap Quetzaltenango.<\/h6>\n<h5><strong><\/strong><\/h5>\n<blockquote>\n<h5><strong><em>Medallas de Plata<\/em><\/strong><\/h5>\n<\/blockquote>\n<h6>En la especialidad de energ\u00edas renovables, los estudiantes <strong>Cristian Fernando y Luis Enrique<\/strong>, representantes de los Centros de Capacitaci\u00f3n Jalapa y Escuintla 1, se llevaron la medalla de plata gracias a su excelente desempe\u00f1o.<\/h6>\n<h6>En el arte culinario, <strong>Sebasti\u00e1n Gonz\u00e1lez<\/strong>, del Centro de Capacitaci\u00f3n Quich\u00e9, destac\u00f3 en la categor\u00eda de cocina, mientras que <strong>Alejandra S\u00e1nchez<\/strong>, del Centro de Capacitaci\u00f3n Quetzaltenango, brill\u00f3 en reposter\u00eda.<\/h6>\n<h6>Por su parte, <strong>Marlon S\u00fachite,<\/strong> del Centro de Capacitaci\u00f3n Chiquimula, demostr\u00f3 su habilidad en control industrial, obteniendo tambi\u00e9n la medalla de plata.<\/h6>\n<h5><strong><em><\/em><\/strong><\/h5>\n<blockquote>\n<h5><strong><em>Medallas de Bronce<\/em><\/strong><\/h5>\n<\/blockquote>\n<h6><strong>Brandon Gonz\u00e1le<\/strong>z, del Centro de Capacitaci\u00f3n Escuintla 1, conquist\u00f3 la medalla de bronce en soldadura.<\/h6>\n<h6>En la especialidad de mecatr\u00f3nica, el trabajo en equipo de <strong>Ezequ\u00edas Cacoj y C\u00e9sar Marroqu\u00edn<\/strong>, del Centro de Capacitaci\u00f3n Suchitep\u00e9quez, les permiti\u00f3 alcanzar el tercer lugar.<\/h6>\n<h6>Finalmente, <strong>Misael Castillo<\/strong>, del Centro de Capacitaci\u00f3n Guatemala 2, se destac\u00f3 en tecnolog\u00eda del autom\u00f3vil, llev\u00e1ndose la medalla de bronce.<\/h6>\n<p>[\/et_pb_text][\/et_pb_column][\/et_pb_row][\/et_pb_section][et_pb_section fb_built=\u00bb1&#8243; _builder_version=\u00bb4.21.0&#8243; _module_preset=\u00bbdefault\u00bb custom_padding=\u00bb1px|||||\u00bb global_colors_info=\u00bb{}\u00bb][et_pb_row _builder_version=\u00bb4.21.0&#8243; _module_preset=\u00bbdefault\u00bb global_colors_info=\u00bb{}\u00bb][et_pb_column type=\u00bb4_4&#8243; _builder_version=\u00bb4.21.0&#8243; _module_preset=\u00bbdefault\u00bb global_colors_info=\u00bb{}\u00bb][et_pb_video src=\u00bbhttps:\/\/youtu.be\/WZHcA9ta-jE\u00bb _builder_version=\u00bb4.27.4&#8243; _module_preset=\u00bbdefault\u00bb hover_enabled=\u00bb0&#8243; global_colors_info=\u00bb{}\u00bb sticky_enabled=\u00bb0&#8243;][\/et_pb_video][\/et_pb_column][\/et_pb_row][\/et_pb_section][et_pb_section fb_built=\u00bb1&#8243; _builder_version=\u00bb4.21.0&#8243; _module_preset=\u00bbdefault\u00bb custom_padding=\u00bb9px|||||\u00bb global_colors_info=\u00bb{}\u00bb][et_pb_row _builder_version=\u00bb4.21.0&#8243; _module_preset=\u00bbdefault\u00bb global_colors_info=\u00bb{}\u00bb][et_pb_column type=\u00bb4_4&#8243; _builder_version=\u00bb4.21.0&#8243; _module_preset=\u00bbdefault\u00bb global_colors_info=\u00bb{}\u00bb][\/et_pb_column][\/et_pb_row][\/et_pb_section][et_pb_section fb_built=\u00bb1&#8243; _builder_version=\u00bb4.21.0&#8243; _module_preset=\u00bbdefault\u00bb global_colors_info=\u00bb{}\u00bb][\/et_pb_section]<\/p>\n","protected":false},"excerpt":{"rendered":"<p>Participaci\u00f3n INTECAP Guatemala en Santiago de Chile 2025\u00a1Guatemala brilla enWorldSkills Americas 2025!Intecap puso en alto el nombre de Guatemala de manera sobresaliente en la competencia de habilidades m\u00e1s importantes del continente: WorldSkills Americas 2025, en Santiago de Chile. Este evento reuni\u00f3 a j\u00f3venes talentosos, l\u00edderes del sector industrial, educativo y p\u00fablico de las Am\u00e9ricas y [&hellip;]<\/p>\n","protected":false},"author":1,"featured_media":0,"parent":0,"menu_order":0,"comment_status":"closed","ping_status":"closed","template":"","meta":{"_et_pb_use_builder":"on","_et_pb_old_content":"","_et_gb_content_width":"","footnotes":""},"class_list":["post-5350","page","type-page","status-publish","hentry"],"_links":{"self":[{"href":"https:\/\/intecap.edu.gt\/worldskillsguatemala\/wp-json\/wp\/v2\/pages\/5350","targetHints":{"allow":["GET"]}}],"collection":[{"href":"https:\/\/intecap.edu.gt\/worldskillsguatemala\/wp-json\/wp\/v2\/pages"}],"about":[{"href":"https:\/\/intecap.edu.gt\/worldskillsguatemala\/wp-json\/wp\/v2\/types\/page"}],"author":[{"embeddable":true,"href":"https:\/\/intecap.edu.gt\/worldskillsguatemala\/wp-json\/wp\/v2\/users\/1"}],"replies":[{"embeddable":true,"href":"https:\/\/intecap.edu.gt\/worldskillsguatemala\/wp-json\/wp\/v2\/comments?post=5350"}],"version-history":[{"count":9,"href":"https:\/\/intecap.edu.gt\/worldskillsguatemala\/wp-json\/wp\/v2\/pages\/5350\/revisions"}],"predecessor-version":[{"id":5371,"href":"https:\/\/intecap.edu.gt\/worldskillsguatemala\/wp-json\/wp\/v2\/pages\/5350\/revisions\/5371"}],"wp:attachment":[{"href":"https:\/\/intecap.edu.gt\/worldskillsguatemala\/wp-json\/wp\/v2\/media?parent=5350"}],"curies":[{"name":"wp","href":"https:\/\/api.w.org\/{rel}","templated":true}]}}